{"id":20,"date":"2017-07-17T17:27:04","date_gmt":"2017-07-17T15:27:04","guid":{"rendered":"http:\/\/trailstable-aktivstall-dorfen.de\/?page_id=20"},"modified":"2017-08-08T16:34:06","modified_gmt":"2017-08-08T14:34:06","slug":"kontakt","status":"publish","type":"page","link":"https:\/\/trailstable-aktivstall-dorfen.de\/index.php\/kontakt\/","title":{"rendered":"Kontakt"},"content":{"rendered":"<p>Kathrin Wagner<\/p>\n<p>Geierseck 1<br \/>\n84405 Dorfen<\/p>\n<p><strong>Tel.:<\/strong> 0151 53148870<br \/>\n<strong>eMail:<\/strong> info(\u00e4t)trailstable-aktivstall-dorfen.de<\/p>\n<p>Wir freuen uns \u00fcber Ihre Interesse an unserer Anlage!<\/p>\n<p>Sie m\u00f6chten Ihr Pferd in Bewegung bringen? Dann kontaktieren Sie uns!<\/p>\n<p>&nbsp;<\/p>\n","protected":false},"excerpt":{"rendered":"<p>Kathrin Wagner Geierseck 1 84405 Dorfen Tel.: 0151 53148870 eMail: info(\u00e4t)trailstable-aktivstall-dorfen.de Wir freuen uns \u00fcber Ihre Interesse an unserer Anlage! Sie m\u00f6chten [&hellip;]<\/p>\n","protected":false},"author":1,"featured_media":0,"parent":0,"menu_order":7,"comment_status":"closed","ping_status":"closed","template":"","meta":[],"_links":{"self":[{"href":"https:\/\/trailstable-aktivstall-dorfen.de\/index.php\/wp-json\/wp\/v2\/pages\/20"}],"collection":[{"href":"https:\/\/trailstable-aktivstall-dorfen.de\/index.php\/wp-json\/wp\/v2\/pages"}],"about":[{"href":"https:\/\/trailstable-aktivstall-dorfen.de\/index.php\/wp-json\/wp\/v2\/types\/page"}],"author":[{"embeddable":true,"href":"https:\/\/trailstable-aktivstall-dorfen.de\/index.php\/wp-json\/wp\/v2\/users\/1"}],"replies":[{"embeddable":true,"href":"https:\/\/trailstable-aktivstall-dorfen.de\/index.php\/wp-json\/wp\/v2\/comments?post=20"}],"version-history":[{"count":12,"href":"https:\/\/trailstable-aktivstall-dorfen.de\/index.php\/wp-json\/wp\/v2\/pages\/20\/revisions"}],"predecessor-version":[{"id":433,"href":"https:\/\/trailstable-aktivstall-dorfen.de\/index.php\/wp-json\/wp\/v2\/pages\/20\/revisions\/433"}],"wp:attachment":[{"href":"https:\/\/trailstable-aktivstall-dorfen.de\/index.php\/wp-json\/wp\/v2\/media?parent=20"}],"curies":[{"name":"wp","href":"https:\/\/api.w.org\/{rel}","templated":true}]}}